{"id":95,"date":"2018-10-24T04:04:18","date_gmt":"2018-10-24T04:04:18","guid":{"rendered":"https:\/\/futuriodemos.com\/default-demo\/?page_id=95"},"modified":"2021-10-03T14:07:11","modified_gmt":"2021-10-03T12:07:11","slug":"piaskownice","status":"publish","type":"page","link":"https:\/\/atestowane-place-zabaw.pl\/index.php\/piaskownice\/","title":{"rendered":"Piaskownice"},"content":{"rendered":"\t\t<div data-elementor-type=\"wp-page\" data-elementor-id=\"95\" class=\"elementor elementor-95\">\n\t\t\t\t\t\t<section class=\"elementor-section elementor-top-section elementor-element elementor-element-e1a5456 elementor-section-stretched elementor-section-boxed elementor-section-height-default elementor-section-height-default\" data-id=\"e1a5456\" data-element_type=\"section\" data-e-type=\"section\" data-settings=\"{&quot;stretch_section&quot;:&quot;section-stretched&quot;}\">\n\t\t\t\t\t\t<div class=\"elementor-container elementor-column-gap-default\">\n\t\t\t\t\t<div class=\"elementor-column elementor-col-100 elementor-top-column elementor-element elementor-element-65f42b0\" data-id=\"65f42b0\" data-element_type=\"column\" data-e-type=\"column\">\n\t\t\t<div class=\"elementor-widget-wrap elementor-element-populated\">\n\t\t\t\t\t\t<div class=\"elementor-element elementor-element-e02002c elementor-widget elementor-widget-heading\" data-id=\"e02002c\" data-element_type=\"widget\" data-e-type=\"widget\" data-widget_type=\"heading.default\">\n\t\t\t\t<div class=\"elementor-widget-container\">\n\t\t\t\t\t<p class=\"elementor-heading-title elementor-size-default\">PIASKOWNICE<br>\n<img decoding=\"async\" src=\"http:\/\/atest-place-zabaw.grafipol.webd.pro\/wp-content\/uploads\/2021\/02\/linia.png\" alt=\"\" \/><\/p>\t\t\t\t<\/div>\n\t\t\t\t<\/div>\n\t\t\t\t\t<\/div>\n\t\t<\/div>\n\t\t\t\t\t<\/div>\n\t\t<\/section>\n\t\t\t\t<section class=\"elementor-section elementor-top-section elementor-element elementor-element-064c401 elementor-section-stretched elementor-section-boxed elementor-section-height-default elementor-section-height-default\" data-id=\"064c401\" data-element_type=\"section\" data-e-type=\"section\" data-settings=\"{&quot;stretch_section&quot;:&quot;section-stretched&quot;}\">\n\t\t\t\t\t\t<div class=\"elementor-container elementor-column-gap-default\">\n\t\t\t\t\t<div class=\"elementor-column elementor-col-100 elementor-top-column elementor-element elementor-element-00ebe41\" data-id=\"00ebe41\" data-element_type=\"column\" data-e-type=\"column\">\n\t\t\t<div class=\"elementor-widget-wrap elementor-element-populated\">\n\t\t\t\t\t\t<div class=\"elementor-element elementor-element-b1822d6 elementor-widget elementor-widget-text-editor\" data-id=\"b1822d6\" data-element_type=\"widget\" data-e-type=\"widget\" data-widget_type=\"text-editor.default\">\n\t\t\t\t<div class=\"elementor-widget-container\">\n\t\t\t\t\t\t\t\t\t<p>Piaskownica to miejsce doskona\u0142ej zabawy ju\u017c dla najm\u0142odszych. Mog\u0105 tu robi\u0107 babki w formie zwierz\u0105tek, budowa\u0107 i ozdabia\u0107 zamki. W naszej ofercie znajduj\u0105 si\u0119 drewniane piaskownice, odporne na warunki pogodowe i proste w monta\u017cu, w dowolnie dobranej kolorystyce. Mog\u0105 by\u0107 czterok\u0105tne: kwadratowe i prostok\u0105tne oraz sze\u015bciok\u0105tne.<\/p>\t\t\t\t\t\t\t\t<\/div>\n\t\t\t\t<\/div>\n\t\t\t\t\t<\/div>\n\t\t<\/div>\n\t\t\t\t\t<\/div>\n\t\t<\/section>\n\t\t\t\t<section class=\"elementor-section elementor-top-section elementor-element elementor-element-c5c807b elementor-section-stretched elementor-section-boxed elementor-section-height-default elementor-section-height-default\" data-id=\"c5c807b\" data-element_type=\"section\" data-e-type=\"section\" data-settings=\"{&quot;stretch_section&quot;:&quot;section-stretched&quot;}\">\n\t\t\t\t\t\t<div class=\"elementor-container elementor-column-gap-default\">\n\t\t\t\t\t<div class=\"elementor-column elementor-col-100 elementor-top-column elementor-element elementor-element-5a184a0\" data-id=\"5a184a0\" data-element_type=\"column\" data-e-type=\"column\">\n\t\t\t<div class=\"elementor-widget-wrap elementor-element-populated\">\n\t\t\t\t\t\t<div class=\"elementor-element elementor-element-0069a33 elementor-widget-divider--view-line elementor-widget elementor-widget-divider\" data-id=\"0069a33\" data-element_type=\"widget\" data-e-type=\"widget\" data-widget_type=\"divider.default\">\n\t\t\t\t<div class=\"elementor-widget-container\">\n\t\t\t\t\t\t\t<div class=\"elementor-divider\">\n\t\t\t<span class=\"elementor-divider-separator\">\n\t\t\t\t\t\t<\/span>\n\t\t<\/div>\n\t\t\t\t\t\t<\/div>\n\t\t\t\t<\/div>\n\t\t\t\t\t<\/div>\n\t\t<\/div>\n\t\t\t\t\t<\/div>\n\t\t<\/section>\n\t\t\t\t<section class=\"elementor-section elementor-top-section elementor-element elementor-element-c8659f2 elementor-section-stretched elementor-section-boxed elementor-section-height-default elementor-section-height-default\" data-id=\"c8659f2\" data-element_type=\"section\" data-e-type=\"section\" data-settings=\"{&quot;stretch_section&quot;:&quot;section-stretched&quot;}\">\n\t\t\t\t\t\t<div class=\"elementor-container elementor-column-gap-default\">\n\t\t\t\t\t<div class=\"elementor-column elementor-col-66 elementor-top-column elementor-element elementor-element-ec671a4\" data-id=\"ec671a4\" data-element_type=\"column\" data-e-type=\"column\">\n\t\t\t<div class=\"elementor-widget-wrap elementor-element-populated\">\n\t\t\t\t\t\t<div class=\"elementor-element elementor-element-175c634 elementor-widget elementor-widget-text-editor\" data-id=\"175c634\" data-element_type=\"widget\" data-e-type=\"widget\" data-widget_type=\"text-editor.default\">\n\t\t\t\t<div class=\"elementor-widget-container\">\n\t\t\t\t\t\t\t\t\t<p><strong>Piaskownica czterok\u0105tna<\/strong><\/p><p>Konstrukcja drewniana w r\u00f3\u017cnych kolorach, siedziska wykonane ze sklejki wodoodpornej lub p\u0142yty HDPE.<\/p><p><strong>Dane techniczne:<\/strong><\/p><p>&#8211; d\u0142ugo\u015b\u0107: 300 cm &#8211; szeroko\u015b\u0107: 300 cm &#8211; wysoko\u015b\u0107: 40 cm &#8211; wysoko\u015b\u0107 swobodnego upadku: 35 cm &#8211; strefa bezpiecze\u0144stwa: 500 x 500 cm &#8211; normy bezpiecze\u0144stwa EN 1176-1<\/p>\t\t\t\t\t\t\t\t<\/div>\n\t\t\t\t<\/div>\n\t\t\t\t\t<\/div>\n\t\t<\/div>\n\t\t\t\t<div class=\"elementor-column elementor-col-33 elementor-top-column elementor-element elementor-element-5862f8f\" data-id=\"5862f8f\" data-element_type=\"column\" data-e-type=\"column\">\n\t\t\t<div class=\"elementor-widget-wrap elementor-element-populated\">\n\t\t\t\t\t\t<div class=\"elementor-element elementor-element-d0620d3 elementor-widget elementor-widget-image\" data-id=\"d0620d3\" data-element_type=\"widget\" data-e-type=\"widget\" data-widget_type=\"image.default\">\n\t\t\t\t<div class=\"elementor-widget-container\">\n\t\t\t\t\t\t\t\t\t\t\t\t\t\t\t<img fetchpriority=\"high\" decoding=\"async\" width=\"1024\" height=\"781\" src=\"https:\/\/atestowane-place-zabaw.pl\/wp-content\/uploads\/2021\/10\/piaskownica-kwadrat-b-1024x781.jpg\" class=\"attachment-large size-large wp-image-1136\" alt=\"\" srcset=\"https:\/\/atestowane-place-zabaw.pl\/wp-content\/uploads\/2021\/10\/piaskownica-kwadrat-b-1024x781.jpg 1024w, https:\/\/atestowane-place-zabaw.pl\/wp-content\/uploads\/2021\/10\/piaskownica-kwadrat-b-300x229.jpg 300w, https:\/\/atestowane-place-zabaw.pl\/wp-content\/uploads\/2021\/10\/piaskownica-kwadrat-b-768x586.jpg 768w, https:\/\/atestowane-place-zabaw.pl\/wp-content\/uploads\/2021\/10\/piaskownica-kwadrat-b-1536x1172.jpg 1536w, https:\/\/atestowane-place-zabaw.pl\/wp-content\/uploads\/2021\/10\/piaskownica-kwadrat-b.jpg 1900w\" sizes=\"(max-width: 1024px) 100vw, 1024px\" \/>\t\t\t\t\t\t\t\t\t\t\t\t\t\t\t<\/div>\n\t\t\t\t<\/div>\n\t\t\t\t\t<\/div>\n\t\t<\/div>\n\t\t\t\t\t<\/div>\n\t\t<\/section>\n\t\t\t\t<section class=\"elementor-section elementor-top-section elementor-element elementor-element-518e627 elementor-section-stretched elementor-section-boxed elementor-section-height-default elementor-section-height-default\" data-id=\"518e627\" data-element_type=\"section\" data-e-type=\"section\" data-settings=\"{&quot;stretch_section&quot;:&quot;section-stretched&quot;}\">\n\t\t\t\t\t\t<div class=\"elementor-container elementor-column-gap-default\">\n\t\t\t\t\t<div class=\"elementor-column elementor-col-100 elementor-top-column elementor-element elementor-element-c204f9a\" data-id=\"c204f9a\" data-element_type=\"column\" data-e-type=\"column\">\n\t\t\t<div class=\"elementor-widget-wrap elementor-element-populated\">\n\t\t\t\t\t\t<div class=\"elementor-element elementor-element-2ff50f7 elementor-widget-divider--view-line elementor-widget elementor-widget-divider\" data-id=\"2ff50f7\" data-element_type=\"widget\" data-e-type=\"widget\" data-widget_type=\"divider.default\">\n\t\t\t\t<div class=\"elementor-widget-container\">\n\t\t\t\t\t\t\t<div class=\"elementor-divider\">\n\t\t\t<span class=\"elementor-divider-separator\">\n\t\t\t\t\t\t<\/span>\n\t\t<\/div>\n\t\t\t\t\t\t<\/div>\n\t\t\t\t<\/div>\n\t\t\t\t\t<\/div>\n\t\t<\/div>\n\t\t\t\t\t<\/div>\n\t\t<\/section>\n\t\t\t\t<section class=\"elementor-section elementor-top-section elementor-element elementor-element-82d86cb elementor-section-stretched elementor-section-boxed elementor-section-height-default elementor-section-height-default\" data-id=\"82d86cb\" data-element_type=\"section\" data-e-type=\"section\" data-settings=\"{&quot;stretch_section&quot;:&quot;section-stretched&quot;}\">\n\t\t\t\t\t\t<div class=\"elementor-container elementor-column-gap-default\">\n\t\t\t\t\t<div class=\"elementor-column elementor-col-66 elementor-top-column elementor-element elementor-element-f50cd30\" data-id=\"f50cd30\" data-element_type=\"column\" data-e-type=\"column\">\n\t\t\t<div class=\"elementor-widget-wrap elementor-element-populated\">\n\t\t\t\t\t\t<div class=\"elementor-element elementor-element-2bb1e71 elementor-widget elementor-widget-text-editor\" data-id=\"2bb1e71\" data-element_type=\"widget\" data-e-type=\"widget\" data-widget_type=\"text-editor.default\">\n\t\t\t\t<div class=\"elementor-widget-container\">\n\t\t\t\t\t\t\t\t\t<p><strong>Piaskownica sze\u015bciok\u0105tna<\/strong><\/p><p>Konstrukcja drewniana w r\u00f3\u017cnych kolorach, siedziska wykonane ze sklejki wodoodpornej lub p\u0142yty HDPE.<\/p><p><strong>Dane techniczne:<\/strong><\/p><p>&#8211; d\u0142ugo\u015b\u0107: 300 cm &#8211; szeroko\u015b\u0107: 300 cm &#8211; wysoko\u015b\u0107: 40 cm &#8211; wysoko\u015b\u0107 swobodnego upadku: 35 cm &#8211; strefa bezpiecze\u0144stwa: 500 x 500 cm &#8211; normy bezpiecze\u0144stwa EN 1176-1<\/p>\t\t\t\t\t\t\t\t<\/div>\n\t\t\t\t<\/div>\n\t\t\t\t\t<\/div>\n\t\t<\/div>\n\t\t\t\t<div class=\"elementor-column elementor-col-33 elementor-top-column elementor-element elementor-element-50998c4\" data-id=\"50998c4\" data-element_type=\"column\" data-e-type=\"column\">\n\t\t\t<div class=\"elementor-widget-wrap elementor-element-populated\">\n\t\t\t\t\t\t<div class=\"elementor-element elementor-element-bf957b8 elementor-widget elementor-widget-image\" data-id=\"bf957b8\" data-element_type=\"widget\" data-e-type=\"widget\" data-widget_type=\"image.default\">\n\t\t\t\t<div class=\"elementor-widget-container\">\n\t\t\t\t\t\t\t\t\t\t\t\t\t\t\t<img decoding=\"async\" width=\"460\" height=\"460\" src=\"https:\/\/atestowane-place-zabaw.pl\/wp-content\/uploads\/2021\/02\/9.jpg\" class=\"attachment-large size-large wp-image-853\" alt=\"\" srcset=\"https:\/\/atestowane-place-zabaw.pl\/wp-content\/uploads\/2021\/02\/9.jpg 460w, https:\/\/atestowane-place-zabaw.pl\/wp-content\/uploads\/2021\/02\/9-300x300.jpg 300w, https:\/\/atestowane-place-zabaw.pl\/wp-content\/uploads\/2021\/02\/9-150x150.jpg 150w\" sizes=\"(max-width: 460px) 100vw, 460px\" \/>\t\t\t\t\t\t\t\t\t\t\t\t\t\t\t<\/div>\n\t\t\t\t<\/div>\n\t\t\t\t\t<\/div>\n\t\t<\/div>\n\t\t\t\t\t<\/div>\n\t\t<\/section>\n\t\t\t\t<section class=\"elementor-section elementor-top-section elementor-element elementor-element-fa17486 elementor-section-boxed elementor-section-height-default elementor-section-height-default\" data-id=\"fa17486\" data-element_type=\"section\" data-e-type=\"section\">\n\t\t\t\t\t\t<div class=\"elementor-container elementor-column-gap-default\">\n\t\t\t\t\t<div class=\"elementor-column elementor-col-100 elementor-top-column elementor-element elementor-element-fb8b41d\" data-id=\"fb8b41d\" data-element_type=\"column\" data-e-type=\"column\">\n\t\t\t<div class=\"elementor-widget-wrap elementor-element-populated\">\n\t\t\t\t\t\t<div class=\"elementor-element elementor-element-0dd06a1 elementor-widget elementor-widget-wp-widget-gmedia_gallery_widget\" data-id=\"0dd06a1\" data-element_type=\"widget\" data-e-type=\"widget\" data-widget_type=\"wp-widget-gmedia_gallery_widget.default\">\n\t\t\t\t<div class=\"elementor-widget-container\">\n\t\t\t\t\t<div class=\"gmedia_gallery amron_module is_bot\" id=\"GmediaGallery_13\" data-gmid=\"13\" data-module=\"amron\"><script type=\"text\/javascript\">\n\t(function() {\n\t\tthis['GmediaGallery_13'] = {\n\t\t\t'settings':{\"collectionThumbRecomendedWidth\":\"260\",\"collectionPreloaderColor\":\"333333\",\"linkTargetWindow\":\"_blank\",\"thumbSpacing\":\"10\",\"tagsFilter\":\"1\",\"tagCloudAll\":\"All\",\"tagCloudTextColor\":\"rgba(0, 0, 0, 1)\",\"tagCloudTextColorOver\":\"rgba(255,255, 255, 1)\",\"tagCloudBgColor\":\"rgba(211, 211, 211, 1)\",\"tagCloudBgColorOver\":\"rgba(11, 11, 11, 1)\",\"collectionThumbHoverColor\":\"rgba(0, 0, 0, .7)\",\"collectionThumbContentBGColor\":\"rgba(245,245,245,1)\",\"collectionThumbTitleShow\":\"1\",\"collectionThumbTitleColor\":\"rgba(0,0,0,1)\",\"collectionThumbFontSize\":\"18\",\"collectionThumbDescriptionShow\":\"1\",\"collectionThumbDescriptionColor\":\"rgba(0,0,0,1)\",\"collectionThumbDescriptionFontSize\":\"15\",\"collectionReadMoreButtonLabel\":\"Read More\",\"collectionReadMoreButtonLabelColor\":\"rgba(255, 255, 255, 1)\",\"collectionReadMoreButtonBGColor\":\"rgba(0, 0, 0, 1)\",\"collectionReadMoreButtonLabelColorHover\":\"rgba(0, 0, 0, 1)\",\"collectionReadMoreButtonBGColorHover\":\"rgba(235,235,235,1)\",\"modaBgColor\":\"rgba(0,0,0,0.9)\",\"modalInfoBoxBgColor\":\"rgba(255,255,255,1)\",\"modalInfoBoxTitleTextColor\":\"000000\",\"modalInfoBoxTextColor\":\"333333\",\"infoBarCountersEnable\":\"1\",\"infoBarDateInfoEnable\":\"1\",\"lightBoxEnable\":\"1\",\"sliderPreloaderColor\":\"ffffff\",\"sliderBgColor\":\"rgba(0,0,0,0.8)\",\"sliderHeaderFooterBgColor\":\"000000\",\"sliderNavigationColor\":\"rgba(0,0,0,1)\",\"sliderNavigationIconColor\":\"rgba(255,255,255,1)\",\"sliderNavigationColorOver\":\"rgba(255,255,255,1)\",\"sliderNavigationIconColorOver\":\"rgba(0,0,0,1)\",\"sliderItemTitleFontSize\":\"24\",\"sliderItemTitleTextColor\":\"ffffff\",\"sliderThumbBarEnable\":\"0\",\"sliderThumbBarHoverColor\":\"ffffff\",\"sliderThumbSubMenuBackgroundColor\":\"rgba(0,0,0,1)\",\"sliderThumbSubMenuBackgroundColorOver\":\"rgba(255,255,255,1)\",\"sliderThumbSubMenuIconColor\":\"rgba(255,255,255,1)\",\"sliderThumbSubMenuIconHoverColor\":\"rgba(0,0,0,1)\",\"sliderInfoEnable\":\"1\",\"sliderItemDownload\":\"1\",\"sliderItemDiscuss\":\"1\",\"sliderSocialShareEnabled\":\"1\",\"sliderLikesEnabled\":\"1\",\"customCSS\":\"\",\"module_url\":\"https:\\\/\\\/atestowane-place-zabaw.pl\\\/wp-content\\\/plugins\\\/grand-media\\\/module\\\/amron\",\"license\":\"\",\"post_url\":\"https:\\\/\\\/atestowane-place-zabaw.pl\\\/wp-json\\\/wp\\\/v2\\\/pages\\\/95\"},\n\t\t\t'appQuery':{\"gmedia__in\":\"114,115,116,117,118\",\"order\":\"ASC\",\"orderby\":\"gmedia__in\",\"status\":[\"publish\"],\"limit\":100},\n\t\t\t'appApi':\"https:\\\/\\\/atestowane-place-zabaw.pl\\\/?gmedia-app=1&amp;gmappversion=4&amp;gmmodule=1\",\n\t\t\t'appInfo':{\"name\":\"galeria_piaskownice\",\"description\":\"\"}};\n\t})();\n<\/script>\n<\/div>\t\t\t\t<\/div>\n\t\t\t\t<\/div>\n\t\t\t\t\t<\/div>\n\t\t<\/div>\n\t\t\t\t\t<\/div>\n\t\t<\/section>\n\t\t\t\t<\/div>\n\t\t","protected":false},"excerpt":{"rendered":"<p>PIASKOWNICE Piaskownica to miejsce doskona\u0142ej zabawy ju\u017c dla najm\u0142odszych. Mog\u0105 tu robi\u0107 babki w formie zwierz\u0105tek, budowa\u0107 i ozdabia\u0107 zamki. W naszej ofercie znajduj\u0105 si\u0119 drewniane piaskownice, odporne na warunki pogodowe i proste w monta\u017cu, w dowolnie dobranej kolorystyce. Mog\u0105 by\u0107 czterok\u0105tne: kwadratowe i prostok\u0105tne oraz sze\u015bciok\u0105tne. Piaskownica czterok\u0105tna Konstrukcja drewniana w r\u00f3\u017cnych kolorach, siedziska&hellip;<\/p>\n","protected":false},"author":1,"featured_media":0,"parent":0,"menu_order":0,"comment_status":"closed","ping_status":"closed","template":"","meta":{"footnotes":""},"class_list":["post-95","page","type-page","status-publish","hentry"],"yoast_head":"<!-- This site is optimized with the Yoast SEO plugin v27.4 - https:\/\/yoast.com\/product\/yoast-seo-wordpress\/ -->\n<title>Piaskownice, atestowane place zabaw, Drewno Styl, Kolbuszowa G\u00f3rna<\/title>\n<meta name=\"description\" content=\"Piaskownice, atestowane place zabaw, Drewno Styl, Kolbuszowa G\u00f3rna\" \/>\n<meta name=\"robots\" content=\"index, follow, max-snippet:-1, max-image-preview:large, max-video-preview:-1\" \/>\n<link rel=\"canonical\" href=\"https:\/\/atestowane-place-zabaw.pl\/index.php\/piaskownice\/\" \/>\n<meta property=\"og:locale\" content=\"pl_PL\" \/>\n<meta property=\"og:type\" content=\"article\" \/>\n<meta property=\"og:title\" content=\"Piaskownice, atestowane place zabaw, Drewno Styl, Kolbuszowa G\u00f3rna\" \/>\n<meta property=\"og:description\" content=\"Piaskownice, atestowane place zabaw, Drewno Styl, Kolbuszowa G\u00f3rna\" \/>\n<meta property=\"og:url\" content=\"https:\/\/atestowane-place-zabaw.pl\/index.php\/piaskownice\/\" \/>\n<meta property=\"og:site_name\" content=\"Atestowane Place Zabaw Drewno Styl\" \/>\n<meta property=\"article:modified_time\" content=\"2021-10-03T12:07:11+00:00\" \/>\n<meta property=\"og:image\" content=\"http:\/\/atest-place-zabaw.grafipol.webd.pro\/wp-content\/uploads\/2021\/02\/linia.png\" \/>\n<meta name=\"twitter:card\" content=\"summary_large_image\" \/>\n<meta name=\"twitter:label1\" content=\"Szacowany czas czytania\" \/>\n\t<meta name=\"twitter:data1\" content=\"2 minuty\" \/>\n<script type=\"application\/ld+json\" class=\"yoast-schema-graph\">{\"@context\":\"https:\\\/\\\/schema.org\",\"@graph\":[{\"@type\":\"WebPage\",\"@id\":\"https:\\\/\\\/atestowane-place-zabaw.pl\\\/index.php\\\/piaskownice\\\/\",\"url\":\"https:\\\/\\\/atestowane-place-zabaw.pl\\\/index.php\\\/piaskownice\\\/\",\"name\":\"Piaskownice, atestowane place zabaw, Drewno Styl, Kolbuszowa G\u00f3rna\",\"isPartOf\":{\"@id\":\"https:\\\/\\\/atestowane-place-zabaw.pl\\\/#website\"},\"primaryImageOfPage\":{\"@id\":\"https:\\\/\\\/atestowane-place-zabaw.pl\\\/index.php\\\/piaskownice\\\/#primaryimage\"},\"image\":{\"@id\":\"https:\\\/\\\/atestowane-place-zabaw.pl\\\/index.php\\\/piaskownice\\\/#primaryimage\"},\"thumbnailUrl\":\"http:\\\/\\\/atest-place-zabaw.grafipol.webd.pro\\\/wp-content\\\/uploads\\\/2021\\\/02\\\/linia.png\",\"datePublished\":\"2018-10-24T04:04:18+00:00\",\"dateModified\":\"2021-10-03T12:07:11+00:00\",\"description\":\"Piaskownice, atestowane place zabaw, Drewno Styl, Kolbuszowa G\u00f3rna\",\"breadcrumb\":{\"@id\":\"https:\\\/\\\/atestowane-place-zabaw.pl\\\/index.php\\\/piaskownice\\\/#breadcrumb\"},\"inLanguage\":\"pl-PL\",\"potentialAction\":[{\"@type\":\"ReadAction\",\"target\":[\"https:\\\/\\\/atestowane-place-zabaw.pl\\\/index.php\\\/piaskownice\\\/\"]}]},{\"@type\":\"ImageObject\",\"inLanguage\":\"pl-PL\",\"@id\":\"https:\\\/\\\/atestowane-place-zabaw.pl\\\/index.php\\\/piaskownice\\\/#primaryimage\",\"url\":\"http:\\\/\\\/atest-place-zabaw.grafipol.webd.pro\\\/wp-content\\\/uploads\\\/2021\\\/02\\\/linia.png\",\"contentUrl\":\"http:\\\/\\\/atest-place-zabaw.grafipol.webd.pro\\\/wp-content\\\/uploads\\\/2021\\\/02\\\/linia.png\"},{\"@type\":\"BreadcrumbList\",\"@id\":\"https:\\\/\\\/atestowane-place-zabaw.pl\\\/index.php\\\/piaskownice\\\/#breadcrumb\",\"itemListElement\":[{\"@type\":\"ListItem\",\"position\":1,\"name\":\"Strona g\u0142\u00f3wna\",\"item\":\"https:\\\/\\\/atestowane-place-zabaw.pl\\\/\"},{\"@type\":\"ListItem\",\"position\":2,\"name\":\"Piaskownice\"}]},{\"@type\":\"WebSite\",\"@id\":\"https:\\\/\\\/atestowane-place-zabaw.pl\\\/#website\",\"url\":\"https:\\\/\\\/atestowane-place-zabaw.pl\\\/\",\"name\":\"Atestowane Place Zabaw\",\"description\":\"place zabaw, hu\u015btawki, piaskownice, spr\u0119\u017cynowce, karuzele, urz\u0105dzenia sprawno\u015bciowe, \u0142awki i sto\u0142y, fitness, si\u0142ownie zewn\u0119trzne\",\"publisher\":{\"@id\":\"https:\\\/\\\/atestowane-place-zabaw.pl\\\/#organization\"},\"potentialAction\":[{\"@type\":\"SearchAction\",\"target\":{\"@type\":\"EntryPoint\",\"urlTemplate\":\"https:\\\/\\\/atestowane-place-zabaw.pl\\\/?s={search_term_string}\"},\"query-input\":{\"@type\":\"PropertyValueSpecification\",\"valueRequired\":true,\"valueName\":\"search_term_string\"}}],\"inLanguage\":\"pl-PL\"},{\"@type\":\"Organization\",\"@id\":\"https:\\\/\\\/atestowane-place-zabaw.pl\\\/#organization\",\"name\":\"Drewno Styl, Atestowane Place Zabaw\",\"url\":\"https:\\\/\\\/atestowane-place-zabaw.pl\\\/\",\"logo\":{\"@type\":\"ImageObject\",\"inLanguage\":\"pl-PL\",\"@id\":\"https:\\\/\\\/atestowane-place-zabaw.pl\\\/#\\\/schema\\\/logo\\\/image\\\/\",\"url\":\"https:\\\/\\\/atestowane-place-zabaw.pl\\\/wp-content\\\/uploads\\\/2021\\\/02\\\/DREWNOSTYL-place-zabaw2.png\",\"contentUrl\":\"https:\\\/\\\/atestowane-place-zabaw.pl\\\/wp-content\\\/uploads\\\/2021\\\/02\\\/DREWNOSTYL-place-zabaw2.png\",\"width\":262,\"height\":132,\"caption\":\"Drewno Styl, Atestowane Place Zabaw\"},\"image\":{\"@id\":\"https:\\\/\\\/atestowane-place-zabaw.pl\\\/#\\\/schema\\\/logo\\\/image\\\/\"}}]}<\/script>\n<!-- \/ Yoast SEO plugin. -->","yoast_head_json":{"title":"Piaskownice, atestowane place zabaw, Drewno Styl, Kolbuszowa G\u00f3rna","description":"Piaskownice, atestowane place zabaw, Drewno Styl, Kolbuszowa G\u00f3rna","robots":{"index":"index","follow":"follow","max-snippet":"max-snippet:-1","max-image-preview":"max-image-preview:large","max-video-preview":"max-video-preview:-1"},"canonical":"https:\/\/atestowane-place-zabaw.pl\/index.php\/piaskownice\/","og_locale":"pl_PL","og_type":"article","og_title":"Piaskownice, atestowane place zabaw, Drewno Styl, Kolbuszowa G\u00f3rna","og_description":"Piaskownice, atestowane place zabaw, Drewno Styl, Kolbuszowa G\u00f3rna","og_url":"https:\/\/atestowane-place-zabaw.pl\/index.php\/piaskownice\/","og_site_name":"Atestowane Place Zabaw Drewno Styl","article_modified_time":"2021-10-03T12:07:11+00:00","og_image":[{"url":"http:\/\/atest-place-zabaw.grafipol.webd.pro\/wp-content\/uploads\/2021\/02\/linia.png","type":"","width":"","height":""}],"twitter_card":"summary_large_image","twitter_misc":{"Szacowany czas czytania":"2 minuty"},"schema":{"@context":"https:\/\/schema.org","@graph":[{"@type":"WebPage","@id":"https:\/\/atestowane-place-zabaw.pl\/index.php\/piaskownice\/","url":"https:\/\/atestowane-place-zabaw.pl\/index.php\/piaskownice\/","name":"Piaskownice, atestowane place zabaw, Drewno Styl, Kolbuszowa G\u00f3rna","isPartOf":{"@id":"https:\/\/atestowane-place-zabaw.pl\/#website"},"primaryImageOfPage":{"@id":"https:\/\/atestowane-place-zabaw.pl\/index.php\/piaskownice\/#primaryimage"},"image":{"@id":"https:\/\/atestowane-place-zabaw.pl\/index.php\/piaskownice\/#primaryimage"},"thumbnailUrl":"http:\/\/atest-place-zabaw.grafipol.webd.pro\/wp-content\/uploads\/2021\/02\/linia.png","datePublished":"2018-10-24T04:04:18+00:00","dateModified":"2021-10-03T12:07:11+00:00","description":"Piaskownice, atestowane place zabaw, Drewno Styl, Kolbuszowa G\u00f3rna","breadcrumb":{"@id":"https:\/\/atestowane-place-zabaw.pl\/index.php\/piaskownice\/#breadcrumb"},"inLanguage":"pl-PL","potentialAction":[{"@type":"ReadAction","target":["https:\/\/atestowane-place-zabaw.pl\/index.php\/piaskownice\/"]}]},{"@type":"ImageObject","inLanguage":"pl-PL","@id":"https:\/\/atestowane-place-zabaw.pl\/index.php\/piaskownice\/#primaryimage","url":"http:\/\/atest-place-zabaw.grafipol.webd.pro\/wp-content\/uploads\/2021\/02\/linia.png","contentUrl":"http:\/\/atest-place-zabaw.grafipol.webd.pro\/wp-content\/uploads\/2021\/02\/linia.png"},{"@type":"BreadcrumbList","@id":"https:\/\/atestowane-place-zabaw.pl\/index.php\/piaskownice\/#breadcrumb","itemListElement":[{"@type":"ListItem","position":1,"name":"Strona g\u0142\u00f3wna","item":"https:\/\/atestowane-place-zabaw.pl\/"},{"@type":"ListItem","position":2,"name":"Piaskownice"}]},{"@type":"WebSite","@id":"https:\/\/atestowane-place-zabaw.pl\/#website","url":"https:\/\/atestowane-place-zabaw.pl\/","name":"Atestowane Place Zabaw","description":"place zabaw, hu\u015btawki, piaskownice, spr\u0119\u017cynowce, karuzele, urz\u0105dzenia sprawno\u015bciowe, \u0142awki i sto\u0142y, fitness, si\u0142ownie zewn\u0119trzne","publisher":{"@id":"https:\/\/atestowane-place-zabaw.pl\/#organization"},"potentialAction":[{"@type":"SearchAction","target":{"@type":"EntryPoint","urlTemplate":"https:\/\/atestowane-place-zabaw.pl\/?s={search_term_string}"},"query-input":{"@type":"PropertyValueSpecification","valueRequired":true,"valueName":"search_term_string"}}],"inLanguage":"pl-PL"},{"@type":"Organization","@id":"https:\/\/atestowane-place-zabaw.pl\/#organization","name":"Drewno Styl, Atestowane Place Zabaw","url":"https:\/\/atestowane-place-zabaw.pl\/","logo":{"@type":"ImageObject","inLanguage":"pl-PL","@id":"https:\/\/atestowane-place-zabaw.pl\/#\/schema\/logo\/image\/","url":"https:\/\/atestowane-place-zabaw.pl\/wp-content\/uploads\/2021\/02\/DREWNOSTYL-place-zabaw2.png","contentUrl":"https:\/\/atestowane-place-zabaw.pl\/wp-content\/uploads\/2021\/02\/DREWNOSTYL-place-zabaw2.png","width":262,"height":132,"caption":"Drewno Styl, Atestowane Place Zabaw"},"image":{"@id":"https:\/\/atestowane-place-zabaw.pl\/#\/schema\/logo\/image\/"}}]}},"_links":{"self":[{"href":"https:\/\/atestowane-place-zabaw.pl\/index.php\/wp-json\/wp\/v2\/pages\/95","targetHints":{"allow":["GET"]}}],"collection":[{"href":"https:\/\/atestowane-place-zabaw.pl\/index.php\/wp-json\/wp\/v2\/pages"}],"about":[{"href":"https:\/\/atestowane-place-zabaw.pl\/index.php\/wp-json\/wp\/v2\/types\/page"}],"author":[{"embeddable":true,"href":"https:\/\/atestowane-place-zabaw.pl\/index.php\/wp-json\/wp\/v2\/users\/1"}],"replies":[{"embeddable":true,"href":"https:\/\/atestowane-place-zabaw.pl\/index.php\/wp-json\/wp\/v2\/comments?post=95"}],"version-history":[{"count":22,"href":"https:\/\/atestowane-place-zabaw.pl\/index.php\/wp-json\/wp\/v2\/pages\/95\/revisions"}],"predecessor-version":[{"id":1155,"href":"https:\/\/atestowane-place-zabaw.pl\/index.php\/wp-json\/wp\/v2\/pages\/95\/revisions\/1155"}],"wp:attachment":[{"href":"https:\/\/atestowane-place-zabaw.pl\/index.php\/wp-json\/wp\/v2\/media?parent=95"}],"curies":[{"name":"wp","href":"https:\/\/api.w.org\/{rel}","templated":true}]}}