{"id":72,"date":"2018-10-23T08:32:35","date_gmt":"2018-10-23T08:32:35","guid":{"rendered":"https:\/\/futuriodemos.com\/default-demo\/?page_id=72"},"modified":"2021-02-05T10:20:04","modified_gmt":"2021-02-05T09:20:04","slug":"kontakt","status":"publish","type":"page","link":"https:\/\/atestowane-place-zabaw.pl\/index.php\/kontakt\/","title":{"rendered":"Kontakt"},"content":{"rendered":"\t\t<div data-elementor-type=\"wp-post\" data-elementor-id=\"72\" class=\"elementor elementor-72\">\n\t\t\t\t\t\t<section class=\"elementor-section elementor-top-section elementor-element elementor-element-3d53e194 elementor-section-full_width elementor-section-height-default elementor-section-height-default\" data-id=\"3d53e194\" data-element_type=\"section\" data-e-type=\"section\">\n\t\t\t\t\t\t<div class=\"elementor-container elementor-column-gap-no\">\n\t\t\t\t\t<div class=\"elementor-column elementor-col-100 elementor-top-column elementor-element elementor-element-100d57f1\" data-id=\"100d57f1\" data-element_type=\"column\" data-e-type=\"column\">\n\t\t\t<div class=\"elementor-widget-wrap elementor-element-populated\">\n\t\t\t\t\t\t<div class=\"elementor-element elementor-element-441c0160 elementor-widget elementor-widget-google_maps\" data-id=\"441c0160\" data-element_type=\"widget\" data-e-type=\"widget\" data-widget_type=\"google_maps.default\">\n\t\t\t\t<div class=\"elementor-widget-container\">\n\t\t\t\t\t\t\t<div class=\"elementor-custom-embed\">\n\t\t\t<iframe loading=\"lazy\"\n\t\t\t\t\tsrc=\"https:\/\/maps.google.com\/maps?q=Kolbuszowa%20G%C3%B3rna%20212%2C%2036-100%20Kolbuszowa%20G%C3%B3rna&#038;t=m&#038;z=18&#038;output=embed&#038;iwloc=near\"\n\t\t\t\t\ttitle=\"Kolbuszowa G\u00f3rna 212, 36-100 Kolbuszowa G\u00f3rna\"\n\t\t\t\t\taria-label=\"Kolbuszowa G\u00f3rna 212, 36-100 Kolbuszowa G\u00f3rna\"\n\t\t\t><\/iframe>\n\t\t<\/div>\n\t\t\t\t\t\t<\/div>\n\t\t\t\t<\/div>\n\t\t\t\t<section class=\"elementor-section elementor-inner-section elementor-element elementor-element-64de26c2 elementor-section-content-middle elementor-section-boxed elementor-section-height-default elementor-section-height-default\" data-id=\"64de26c2\" data-element_type=\"section\" data-e-type=\"section\">\n\t\t\t\t\t\t\t<div class=\"elementor-background-overlay\"><\/div>\n\t\t\t\t\t\t\t<div class=\"elementor-container elementor-column-gap-default\">\n\t\t\t\t\t<div class=\"elementor-column elementor-col-33 elementor-inner-column elementor-element elementor-element-260cafa8\" data-id=\"260cafa8\" data-element_type=\"column\" data-e-type=\"column\">\n\t\t\t<div class=\"elementor-widget-wrap elementor-element-populated\">\n\t\t\t\t\t\t<div class=\"elementor-element elementor-element-197df8c1 elementor-widget elementor-widget-heading\" data-id=\"197df8c1\" data-element_type=\"widget\" data-e-type=\"widget\" data-widget_type=\"heading.default\">\n\t\t\t\t<div class=\"elementor-widget-container\">\n\t\t\t\t\t<h6 class=\"elementor-heading-title elementor-size-default\">Lokalizacja<\/h6>\t\t\t\t<\/div>\n\t\t\t\t<\/div>\n\t\t\t\t<div class=\"elementor-element elementor-element-2f4bb7d6 elementor-widget elementor-widget-text-editor\" data-id=\"2f4bb7d6\" data-element_type=\"widget\" data-e-type=\"widget\" data-widget_type=\"text-editor.default\">\n\t\t\t\t<div class=\"elementor-widget-container\">\n\t\t\t\t\t\t\t\t\t<div class=\"place-desc-large\"><div class=\"address\">Kolbuszowa G\u00f3rna 212, <br \/>36-100 Kolbuszowa G\u00f3rna<\/div><\/div>\t\t\t\t\t\t\t\t<\/div>\n\t\t\t\t<\/div>\n\t\t\t\t\t<\/div>\n\t\t<\/div>\n\t\t\t\t<div class=\"elementor-column elementor-col-33 elementor-inner-column elementor-element elementor-element-50fdb488\" data-id=\"50fdb488\" data-element_type=\"column\" data-e-type=\"column\">\n\t\t\t<div class=\"elementor-widget-wrap elementor-element-populated\">\n\t\t\t\t\t\t<div class=\"elementor-element elementor-element-55b3cdfd elementor-widget elementor-widget-heading\" data-id=\"55b3cdfd\" data-element_type=\"widget\" data-e-type=\"widget\" data-widget_type=\"heading.default\">\n\t\t\t\t<div class=\"elementor-widget-container\">\n\t\t\t\t\t<h6 class=\"elementor-heading-title elementor-size-default\">Nasze godziny<\/h6>\t\t\t\t<\/div>\n\t\t\t\t<\/div>\n\t\t\t\t<div class=\"elementor-element elementor-element-684374bc elementor-widget elementor-widget-text-editor\" data-id=\"684374bc\" data-element_type=\"widget\" data-e-type=\"widget\" data-widget_type=\"text-editor.default\">\n\t\t\t\t<div class=\"elementor-widget-container\">\n\t\t\t\t\t\t\t\t\t<p>10:00 &#8211; 20.00<br \/>Poniedzia\u0142ek &#8211; Sobota<\/p>\t\t\t\t\t\t\t\t<\/div>\n\t\t\t\t<\/div>\n\t\t\t\t\t<\/div>\n\t\t<\/div>\n\t\t\t\t<div class=\"elementor-column elementor-col-33 elementor-inner-column elementor-element elementor-element-23766200\" data-id=\"23766200\" data-element_type=\"column\" data-e-type=\"column\">\n\t\t\t<div class=\"elementor-widget-wrap elementor-element-populated\">\n\t\t\t\t\t\t<div class=\"elementor-element elementor-element-76e317b6 elementor-widget elementor-widget-heading\" data-id=\"76e317b6\" data-element_type=\"widget\" data-e-type=\"widget\" data-widget_type=\"heading.default\">\n\t\t\t\t<div class=\"elementor-widget-container\">\n\t\t\t\t\t<h6 class=\"elementor-heading-title elementor-size-default\">Kontakt PL<\/h6>\t\t\t\t<\/div>\n\t\t\t\t<\/div>\n\t\t\t\t<div class=\"elementor-element elementor-element-7c0cb6d2 elementor-widget elementor-widget-text-editor\" data-id=\"7c0cb6d2\" data-element_type=\"widget\" data-e-type=\"widget\" data-widget_type=\"text-editor.default\">\n\t\t\t\t<div class=\"elementor-widget-container\">\n\t\t\t\t\t\t\t\t\t<p>Mobile: +48 503 025 774<br \/>Email: biuro@drewno-styl.eu<\/p>\t\t\t\t\t\t\t\t<\/div>\n\t\t\t\t<\/div>\n\t\t\t\t\t<\/div>\n\t\t<\/div>\n\t\t\t\t\t<\/div>\n\t\t<\/section>\n\t\t\t\t<section class=\"elementor-section elementor-inner-section elementor-element elementor-element-92d3aa1 elementor-section-content-middle elementor-section-boxed elementor-section-height-default elementor-section-height-default\" data-id=\"92d3aa1\" data-element_type=\"section\" data-e-type=\"section\">\n\t\t\t\t\t\t<div class=\"elementor-container elementor-column-gap-default\">\n\t\t\t\t\t<div class=\"elementor-column elementor-col-50 elementor-inner-column elementor-element elementor-element-3e3187e\" data-id=\"3e3187e\" data-element_type=\"column\" data-e-type=\"column\">\n\t\t\t<div class=\"elementor-widget-wrap elementor-element-populated\">\n\t\t\t\t\t\t<div class=\"elementor-element elementor-element-bdce5c5 elementor-widget elementor-widget-shortcode\" data-id=\"bdce5c5\" data-element_type=\"widget\" data-e-type=\"widget\" data-widget_type=\"shortcode.default\">\n\t\t\t\t<div class=\"elementor-widget-container\">\n\t\t\t\t\t\t\t<div class=\"elementor-shortcode\">\n<div class=\"wpcf7 no-js\" id=\"wpcf7-f7-o1\" lang=\"pl-PL\" dir=\"ltr\" data-wpcf7-id=\"7\">\n<div class=\"screen-reader-response\"><p role=\"status\" aria-live=\"polite\" aria-atomic=\"true\"><\/p> <ul><\/ul><\/div>\n<form action=\"\/index.php\/wp-json\/wp\/v2\/pages\/72#wpcf7-f7-o1\" method=\"post\" class=\"wpcf7-form init\" aria-label=\"Formularz kontaktowy\" novalidate=\"novalidate\" data-status=\"init\">\n<div style=\"display: none;\">\n<input type=\"hidden\" name=\"_wpcf7\" value=\"7\" \/>\n<input type=\"hidden\" name=\"_wpcf7_version\" value=\"6.0.3\" \/>\n<input type=\"hidden\" name=\"_wpcf7_locale\" value=\"pl_PL\" \/>\n<input type=\"hidden\" name=\"_wpcf7_unit_tag\" value=\"wpcf7-f7-o1\" \/>\n<input type=\"hidden\" name=\"_wpcf7_container_post\" value=\"0\" \/>\n<input type=\"hidden\" name=\"_wpcf7_posted_data_hash\" value=\"\" \/>\n<\/div>\n<p><label> Twoje imi\u0119<br \/>\n<span class=\"wpcf7-form-control-wrap\" data-name=\"your-name\"><input size=\"40\" maxlength=\"400\" class=\"wpcf7-form-control wpcf7-text wpcf7-validates-as-required\" aria-required=\"true\" aria-invalid=\"false\" value=\"\" type=\"text\" name=\"your-name\" \/><\/span> <\/label>\n<\/p>\n<p><label> Tw\u00f3j email<br \/>\n<span class=\"wpcf7-form-control-wrap\" data-name=\"your-email\"><input size=\"40\" maxlength=\"400\" class=\"wpcf7-form-control wpcf7-email wpcf7-validates-as-required wpcf7-text wpcf7-validates-as-email\" aria-required=\"true\" aria-invalid=\"false\" value=\"\" type=\"email\" name=\"your-email\" \/><\/span> <\/label>\n<\/p>\n<p><label> Temat<br \/>\n<span class=\"wpcf7-form-control-wrap\" data-name=\"your-subject\"><input size=\"40\" maxlength=\"400\" class=\"wpcf7-form-control wpcf7-text wpcf7-validates-as-required\" aria-required=\"true\" aria-invalid=\"false\" value=\"\" type=\"text\" name=\"your-subject\" \/><\/span> <\/label>\n<\/p>\n<p><label> Twoja wiadomo\u015bci (opcja)<br \/>\n<span class=\"wpcf7-form-control-wrap\" data-name=\"your-message\"><textarea cols=\"40\" rows=\"10\" maxlength=\"2000\" class=\"wpcf7-form-control wpcf7-textarea\" aria-invalid=\"false\" name=\"your-message\"><\/textarea><\/span> <\/label>\n<\/p>\n<p><input class=\"wpcf7-form-control wpcf7-submit has-spinner\" type=\"submit\" value=\"Wy\u015blij\" \/>\n<\/p><p style=\"display: none !important;\" class=\"akismet-fields-container\" data-prefix=\"_wpcf7_ak_\"><label>&#916;<textarea name=\"_wpcf7_ak_hp_textarea\" cols=\"45\" rows=\"8\" maxlength=\"100\"><\/textarea><\/label><input type=\"hidden\" id=\"ak_js_1\" name=\"_wpcf7_ak_js\" value=\"139\"\/><script>document.getElementById( \"ak_js_1\" ).setAttribute( \"value\", ( new Date() ).getTime() );<\/script><\/p><div class=\"wpcf7-response-output\" aria-hidden=\"true\"><\/div>\n<\/form>\n<\/div>\n<\/div>\n\t\t\t\t\t\t<\/div>\n\t\t\t\t<\/div>\n\t\t\t\t\t<\/div>\n\t\t<\/div>\n\t\t\t\t<div class=\"elementor-column elementor-col-50 elementor-inner-column elementor-element elementor-element-9c83d0c\" data-id=\"9c83d0c\" data-element_type=\"column\" data-e-type=\"column\">\n\t\t\t<div class=\"elementor-widget-wrap elementor-element-populated\">\n\t\t\t\t\t\t<div class=\"elementor-element elementor-element-f8b6cad elementor-widget elementor-widget-image\" data-id=\"f8b6cad\" data-element_type=\"widget\" data-e-type=\"widget\" data-widget_type=\"image.default\">\n\t\t\t\t<div class=\"elementor-widget-container\">\n\t\t\t\t\t\t\t\t\t\t\t\t\t\t\t<img decoding=\"async\" src=\"https:\/\/atestowane-place-zabaw.pl\/wp-content\/uploads\/elementor\/thumbs\/Zestaw-z-drabinka-i-przeplotnia-p2eq5un2fpxrisdxr2nlbe8o4v6ih797yn8ywaca7c.jpg\" title=\"Zestaw z drabink\u0105 i przeplotni\u0105\" alt=\"Zestaw z drabink\u0105 i przeplotni\u0105\" loading=\"lazy\" \/>\t\t\t\t\t\t\t\t\t\t\t\t\t\t\t<\/div>\n\t\t\t\t<\/div>\n\t\t\t\t\t<\/div>\n\t\t<\/div>\n\t\t\t\t\t<\/div>\n\t\t<\/section>\n\t\t\t\t\t<\/div>\n\t\t<\/div>\n\t\t\t\t\t<\/div>\n\t\t<\/section>\n\t\t\t\t<\/div>\n\t\t","protected":false},"excerpt":{"rendered":"<p>Lokalizacja Kolbuszowa G\u00f3rna 212, 36-100 Kolbuszowa G\u00f3rna Nasze godziny 10:00 &#8211; 20.00 Poniedzia\u0142ek &#8211; Sobota Kontakt PL Mobile: +48 503 025 774 Email: biuro@drewno-styl.eu<\/p>\n","protected":false},"author":1,"featured_media":0,"parent":0,"menu_order":0,"comment_status":"closed","ping_status":"closed","template":"","meta":{"footnotes":""},"class_list":["post-72","page","type-page","status-publish","hentry"],"yoast_head":"<!-- This site is optimized with the Yoast SEO plugin v27.4 - https:\/\/yoast.com\/product\/yoast-seo-wordpress\/ -->\n<title>Kontakt, atestowane place zabaw, Drewno Styl, Kolbuszowa G\u00f3rna<\/title>\n<meta name=\"description\" content=\"Kontakt, dane kontaktowe, adres email, kontakt z firm\u0105, atestowane place zabaw, Drewno Styl, Kolbuszowa G\u00f3rna, Polska\" \/>\n<meta name=\"robots\" content=\"index, follow, max-snippet:-1, max-image-preview:large, max-video-preview:-1\" \/>\n<link rel=\"canonical\" href=\"https:\/\/atestowane-place-zabaw.pl\/index.php\/kontakt\/\" \/>\n<meta property=\"og:locale\" content=\"pl_PL\" \/>\n<meta property=\"og:type\" content=\"article\" \/>\n<meta property=\"og:title\" content=\"Kontakt, atestowane place zabaw, Drewno Styl, Kolbuszowa G\u00f3rna\" \/>\n<meta property=\"og:description\" content=\"Kontakt, dane kontaktowe, adres email, kontakt z firm\u0105, atestowane place zabaw, Drewno Styl, Kolbuszowa G\u00f3rna, Polska\" \/>\n<meta property=\"og:url\" content=\"https:\/\/atestowane-place-zabaw.pl\/index.php\/kontakt\/\" \/>\n<meta property=\"og:site_name\" content=\"Atestowane Place Zabaw Drewno Styl\" \/>\n<meta property=\"article:modified_time\" content=\"2021-02-05T09:20:04+00:00\" \/>\n<meta property=\"og:image\" content=\"http:\/\/atest-place-zabaw.grafipol.webd.pro\/wp-content\/uploads\/elementor\/thumbs\/Zestaw-z-drabinka-i-przeplotnia-p2eq5un2fpxrisdxr2nlbe8o4v6ih797yn8ywaca7c.jpg\" \/>\n<meta name=\"twitter:card\" content=\"summary_large_image\" \/>\n<meta name=\"twitter:label1\" content=\"Szacowany czas czytania\" \/>\n\t<meta name=\"twitter:data1\" content=\"1 minuta\" \/>\n<script type=\"application\/ld+json\" class=\"yoast-schema-graph\">{\"@context\":\"https:\\\/\\\/schema.org\",\"@graph\":[{\"@type\":\"WebPage\",\"@id\":\"https:\\\/\\\/atestowane-place-zabaw.pl\\\/index.php\\\/kontakt\\\/\",\"url\":\"https:\\\/\\\/atestowane-place-zabaw.pl\\\/index.php\\\/kontakt\\\/\",\"name\":\"Kontakt, atestowane place zabaw, Drewno Styl, Kolbuszowa G\u00f3rna\",\"isPartOf\":{\"@id\":\"https:\\\/\\\/atestowane-place-zabaw.pl\\\/#website\"},\"primaryImageOfPage\":{\"@id\":\"https:\\\/\\\/atestowane-place-zabaw.pl\\\/index.php\\\/kontakt\\\/#primaryimage\"},\"image\":{\"@id\":\"https:\\\/\\\/atestowane-place-zabaw.pl\\\/index.php\\\/kontakt\\\/#primaryimage\"},\"thumbnailUrl\":\"http:\\\/\\\/atest-place-zabaw.grafipol.webd.pro\\\/wp-content\\\/uploads\\\/elementor\\\/thumbs\\\/Zestaw-z-drabinka-i-przeplotnia-p2eq5un2fpxrisdxr2nlbe8o4v6ih797yn8ywaca7c.jpg\",\"datePublished\":\"2018-10-23T08:32:35+00:00\",\"dateModified\":\"2021-02-05T09:20:04+00:00\",\"description\":\"Kontakt, dane kontaktowe, adres email, kontakt z firm\u0105, atestowane place zabaw, Drewno Styl, Kolbuszowa G\u00f3rna, Polska\",\"breadcrumb\":{\"@id\":\"https:\\\/\\\/atestowane-place-zabaw.pl\\\/index.php\\\/kontakt\\\/#breadcrumb\"},\"inLanguage\":\"pl-PL\",\"potentialAction\":[{\"@type\":\"ReadAction\",\"target\":[\"https:\\\/\\\/atestowane-place-zabaw.pl\\\/index.php\\\/kontakt\\\/\"]}]},{\"@type\":\"ImageObject\",\"inLanguage\":\"pl-PL\",\"@id\":\"https:\\\/\\\/atestowane-place-zabaw.pl\\\/index.php\\\/kontakt\\\/#primaryimage\",\"url\":\"http:\\\/\\\/atest-place-zabaw.grafipol.webd.pro\\\/wp-content\\\/uploads\\\/elementor\\\/thumbs\\\/Zestaw-z-drabinka-i-przeplotnia-p2eq5un2fpxrisdxr2nlbe8o4v6ih797yn8ywaca7c.jpg\",\"contentUrl\":\"http:\\\/\\\/atest-place-zabaw.grafipol.webd.pro\\\/wp-content\\\/uploads\\\/elementor\\\/thumbs\\\/Zestaw-z-drabinka-i-przeplotnia-p2eq5un2fpxrisdxr2nlbe8o4v6ih797yn8ywaca7c.jpg\"},{\"@type\":\"BreadcrumbList\",\"@id\":\"https:\\\/\\\/atestowane-place-zabaw.pl\\\/index.php\\\/kontakt\\\/#breadcrumb\",\"itemListElement\":[{\"@type\":\"ListItem\",\"position\":1,\"name\":\"Strona g\u0142\u00f3wna\",\"item\":\"https:\\\/\\\/atestowane-place-zabaw.pl\\\/\"},{\"@type\":\"ListItem\",\"position\":2,\"name\":\"Kontakt\"}]},{\"@type\":\"WebSite\",\"@id\":\"https:\\\/\\\/atestowane-place-zabaw.pl\\\/#website\",\"url\":\"https:\\\/\\\/atestowane-place-zabaw.pl\\\/\",\"name\":\"Atestowane Place Zabaw\",\"description\":\"place zabaw, hu\u015btawki, piaskownice, spr\u0119\u017cynowce, karuzele, urz\u0105dzenia sprawno\u015bciowe, \u0142awki i sto\u0142y, fitness, si\u0142ownie zewn\u0119trzne\",\"publisher\":{\"@id\":\"https:\\\/\\\/atestowane-place-zabaw.pl\\\/#organization\"},\"potentialAction\":[{\"@type\":\"SearchAction\",\"target\":{\"@type\":\"EntryPoint\",\"urlTemplate\":\"https:\\\/\\\/atestowane-place-zabaw.pl\\\/?s={search_term_string}\"},\"query-input\":{\"@type\":\"PropertyValueSpecification\",\"valueRequired\":true,\"valueName\":\"search_term_string\"}}],\"inLanguage\":\"pl-PL\"},{\"@type\":\"Organization\",\"@id\":\"https:\\\/\\\/atestowane-place-zabaw.pl\\\/#organization\",\"name\":\"Drewno Styl, Atestowane Place Zabaw\",\"url\":\"https:\\\/\\\/atestowane-place-zabaw.pl\\\/\",\"logo\":{\"@type\":\"ImageObject\",\"inLanguage\":\"pl-PL\",\"@id\":\"https:\\\/\\\/atestowane-place-zabaw.pl\\\/#\\\/schema\\\/logo\\\/image\\\/\",\"url\":\"https:\\\/\\\/atestowane-place-zabaw.pl\\\/wp-content\\\/uploads\\\/2021\\\/02\\\/DREWNOSTYL-place-zabaw2.png\",\"contentUrl\":\"https:\\\/\\\/atestowane-place-zabaw.pl\\\/wp-content\\\/uploads\\\/2021\\\/02\\\/DREWNOSTYL-place-zabaw2.png\",\"width\":262,\"height\":132,\"caption\":\"Drewno Styl, Atestowane Place Zabaw\"},\"image\":{\"@id\":\"https:\\\/\\\/atestowane-place-zabaw.pl\\\/#\\\/schema\\\/logo\\\/image\\\/\"}}]}<\/script>\n<!-- \/ Yoast SEO plugin. -->","yoast_head_json":{"title":"Kontakt, atestowane place zabaw, Drewno Styl, Kolbuszowa G\u00f3rna","description":"Kontakt, dane kontaktowe, adres email, kontakt z firm\u0105, atestowane place zabaw, Drewno Styl, Kolbuszowa G\u00f3rna, Polska","robots":{"index":"index","follow":"follow","max-snippet":"max-snippet:-1","max-image-preview":"max-image-preview:large","max-video-preview":"max-video-preview:-1"},"canonical":"https:\/\/atestowane-place-zabaw.pl\/index.php\/kontakt\/","og_locale":"pl_PL","og_type":"article","og_title":"Kontakt, atestowane place zabaw, Drewno Styl, Kolbuszowa G\u00f3rna","og_description":"Kontakt, dane kontaktowe, adres email, kontakt z firm\u0105, atestowane place zabaw, Drewno Styl, Kolbuszowa G\u00f3rna, Polska","og_url":"https:\/\/atestowane-place-zabaw.pl\/index.php\/kontakt\/","og_site_name":"Atestowane Place Zabaw Drewno Styl","article_modified_time":"2021-02-05T09:20:04+00:00","og_image":[{"url":"http:\/\/atest-place-zabaw.grafipol.webd.pro\/wp-content\/uploads\/elementor\/thumbs\/Zestaw-z-drabinka-i-przeplotnia-p2eq5un2fpxrisdxr2nlbe8o4v6ih797yn8ywaca7c.jpg","type":"","width":"","height":""}],"twitter_card":"summary_large_image","twitter_misc":{"Szacowany czas czytania":"1 minuta"},"schema":{"@context":"https:\/\/schema.org","@graph":[{"@type":"WebPage","@id":"https:\/\/atestowane-place-zabaw.pl\/index.php\/kontakt\/","url":"https:\/\/atestowane-place-zabaw.pl\/index.php\/kontakt\/","name":"Kontakt, atestowane place zabaw, Drewno Styl, Kolbuszowa G\u00f3rna","isPartOf":{"@id":"https:\/\/atestowane-place-zabaw.pl\/#website"},"primaryImageOfPage":{"@id":"https:\/\/atestowane-place-zabaw.pl\/index.php\/kontakt\/#primaryimage"},"image":{"@id":"https:\/\/atestowane-place-zabaw.pl\/index.php\/kontakt\/#primaryimage"},"thumbnailUrl":"http:\/\/atest-place-zabaw.grafipol.webd.pro\/wp-content\/uploads\/elementor\/thumbs\/Zestaw-z-drabinka-i-przeplotnia-p2eq5un2fpxrisdxr2nlbe8o4v6ih797yn8ywaca7c.jpg","datePublished":"2018-10-23T08:32:35+00:00","dateModified":"2021-02-05T09:20:04+00:00","description":"Kontakt, dane kontaktowe, adres email, kontakt z firm\u0105, atestowane place zabaw, Drewno Styl, Kolbuszowa G\u00f3rna, Polska","breadcrumb":{"@id":"https:\/\/atestowane-place-zabaw.pl\/index.php\/kontakt\/#breadcrumb"},"inLanguage":"pl-PL","potentialAction":[{"@type":"ReadAction","target":["https:\/\/atestowane-place-zabaw.pl\/index.php\/kontakt\/"]}]},{"@type":"ImageObject","inLanguage":"pl-PL","@id":"https:\/\/atestowane-place-zabaw.pl\/index.php\/kontakt\/#primaryimage","url":"http:\/\/atest-place-zabaw.grafipol.webd.pro\/wp-content\/uploads\/elementor\/thumbs\/Zestaw-z-drabinka-i-przeplotnia-p2eq5un2fpxrisdxr2nlbe8o4v6ih797yn8ywaca7c.jpg","contentUrl":"http:\/\/atest-place-zabaw.grafipol.webd.pro\/wp-content\/uploads\/elementor\/thumbs\/Zestaw-z-drabinka-i-przeplotnia-p2eq5un2fpxrisdxr2nlbe8o4v6ih797yn8ywaca7c.jpg"},{"@type":"BreadcrumbList","@id":"https:\/\/atestowane-place-zabaw.pl\/index.php\/kontakt\/#breadcrumb","itemListElement":[{"@type":"ListItem","position":1,"name":"Strona g\u0142\u00f3wna","item":"https:\/\/atestowane-place-zabaw.pl\/"},{"@type":"ListItem","position":2,"name":"Kontakt"}]},{"@type":"WebSite","@id":"https:\/\/atestowane-place-zabaw.pl\/#website","url":"https:\/\/atestowane-place-zabaw.pl\/","name":"Atestowane Place Zabaw","description":"place zabaw, hu\u015btawki, piaskownice, spr\u0119\u017cynowce, karuzele, urz\u0105dzenia sprawno\u015bciowe, \u0142awki i sto\u0142y, fitness, si\u0142ownie zewn\u0119trzne","publisher":{"@id":"https:\/\/atestowane-place-zabaw.pl\/#organization"},"potentialAction":[{"@type":"SearchAction","target":{"@type":"EntryPoint","urlTemplate":"https:\/\/atestowane-place-zabaw.pl\/?s={search_term_string}"},"query-input":{"@type":"PropertyValueSpecification","valueRequired":true,"valueName":"search_term_string"}}],"inLanguage":"pl-PL"},{"@type":"Organization","@id":"https:\/\/atestowane-place-zabaw.pl\/#organization","name":"Drewno Styl, Atestowane Place Zabaw","url":"https:\/\/atestowane-place-zabaw.pl\/","logo":{"@type":"ImageObject","inLanguage":"pl-PL","@id":"https:\/\/atestowane-place-zabaw.pl\/#\/schema\/logo\/image\/","url":"https:\/\/atestowane-place-zabaw.pl\/wp-content\/uploads\/2021\/02\/DREWNOSTYL-place-zabaw2.png","contentUrl":"https:\/\/atestowane-place-zabaw.pl\/wp-content\/uploads\/2021\/02\/DREWNOSTYL-place-zabaw2.png","width":262,"height":132,"caption":"Drewno Styl, Atestowane Place Zabaw"},"image":{"@id":"https:\/\/atestowane-place-zabaw.pl\/#\/schema\/logo\/image\/"}}]}},"_links":{"self":[{"href":"https:\/\/atestowane-place-zabaw.pl\/index.php\/wp-json\/wp\/v2\/pages\/72","targetHints":{"allow":["GET"]}}],"collection":[{"href":"https:\/\/atestowane-place-zabaw.pl\/index.php\/wp-json\/wp\/v2\/pages"}],"about":[{"href":"https:\/\/atestowane-place-zabaw.pl\/index.php\/wp-json\/wp\/v2\/types\/page"}],"author":[{"embeddable":true,"href":"https:\/\/atestowane-place-zabaw.pl\/index.php\/wp-json\/wp\/v2\/users\/1"}],"replies":[{"embeddable":true,"href":"https:\/\/atestowane-place-zabaw.pl\/index.php\/wp-json\/wp\/v2\/comments?post=72"}],"version-history":[{"count":41,"href":"https:\/\/atestowane-place-zabaw.pl\/index.php\/wp-json\/wp\/v2\/pages\/72\/revisions"}],"predecessor-version":[{"id":770,"href":"https:\/\/atestowane-place-zabaw.pl\/index.php\/wp-json\/wp\/v2\/pages\/72\/revisions\/770"}],"wp:attachment":[{"href":"https:\/\/atestowane-place-zabaw.pl\/index.php\/wp-json\/wp\/v2\/media?parent=72"}],"curies":[{"name":"wp","href":"https:\/\/api.w.org\/{rel}","templated":true}]}}